{"id":344,"date":"2018-03-13T20:23:04","date_gmt":"2018-03-13T19:23:04","guid":{"rendered":"http:\/\/catedraeficiencia.umh.es\/?page_id=344"},"modified":"2018-03-14T13:55:03","modified_gmt":"2018-03-14T12:55:03","slug":"comite-organizador","status":"publish","type":"page","link":"https:\/\/catedraeficiencia.umh.es\/ca\/actividades\/2018-2\/the-santander-chair-2018-international-workshop-of-efficiency-and-productivity\/comite-organizador\/","title":{"rendered":"Comit\u00e9 organitzador"},"content":{"rendered":"<p><strong>President:<\/strong> Juan Aparicio Baeza&nbsp;(Universitat Miguel Hern\u00e1ndez de Elche)<\/p>\n<p><strong>Vocals:<\/strong><\/p>\n<p>Lidia Ortiz Henarejos&nbsp;(Universitat Miguel Hern\u00e1ndez de Elche)<\/p>\n<p>Jos\u00e9 Juan L\u00f3pez Esp\u00edn&nbsp;(Universitat Miguel Hern\u00e1ndez de Elche)<\/p>","protected":false},"excerpt":{"rendered":"<p>President: Juan Aparicio Baeza&nbsp;(Universitat Miguel Hern\u00e1ndez de Elche)<br \/>\nVocals:<br \/>\nLidia Ortiz Henarejos&nbsp;(Universitat Miguel Hern\u00e1ndez de Elche)<br \/>\nJos\u00e9 Juan L\u00f3pez Esp\u00edn&nbsp;(Universitat Miguel Hern\u00e1ndez de Elche)<\/p>\n","protected":false},"author":277,"featured_media":0,"parent":314,"menu_order":45,"comment_status":"closed","ping_status":"closed","template":"","meta":{"ngg_post_thumbnail":0,"_links_to":"","_links_to_target":""},"_links":{"self":[{"href":"https:\/\/catedraeficiencia.umh.es\/ca\/wp-json\/wp\/v2\/pages\/344"}],"collection":[{"href":"https:\/\/catedraeficiencia.umh.es\/ca\/wp-json\/wp\/v2\/pages"}],"about":[{"href":"https:\/\/catedraeficiencia.umh.es\/ca\/wp-json\/wp\/v2\/types\/page"}],"author":[{"embeddable":true,"href":"https:\/\/catedraeficiencia.umh.es\/ca\/wp-json\/wp\/v2\/users\/277"}],"replies":[{"embeddable":true,"href":"https:\/\/catedraeficiencia.umh.es\/ca\/wp-json\/wp\/v2\/comments?post=344"}],"version-history":[{"count":0,"href":"https:\/\/catedraeficiencia.umh.es\/ca\/wp-json\/wp\/v2\/pages\/344\/revisions"}],"up":[{"embeddable":true,"href":"https:\/\/catedraeficiencia.umh.es\/ca\/wp-json\/wp\/v2\/pages\/314"}],"wp:attachment":[{"href":"https:\/\/catedraeficiencia.umh.es\/ca\/wp-json\/wp\/v2\/media?parent=344"}],"curies":[{"name":"wp","href":"https:\/\/api.w.org\/{rel}","templated":true}]}}

Comité organitzador

<p><strong>President:</strong> Juan Aparicio Baeza&nbsp;(Universitat Miguel Hernández de Elche)</p>
<p><strong>Vocals:</strong></p>
<p>Lidia Ortiz Henarejos&nbsp;(Universitat Miguel Hernández de Elche)</p>
<p>José Juan López Espín&nbsp;(Universitat Miguel Hernández de Elche)</p>

<p>President: Juan Aparicio Baeza&nbsp;(Universitat Miguel Hernández de Elche)<br />
Vocals:<br />
Lidia Ortiz Henarejos&nbsp;(Universitat Miguel Hernández de Elche)<br />
José Juan López Espín&nbsp;(Universitat Miguel Hernández de Elche)</p>
