{"id":341,"date":"2018-03-02T18:03:13","date_gmt":"2018-03-02T17:03:13","guid":{"rendered":"http:\/\/catedraeficiencia.umh.es\/?page_id=341"},"modified":"2018-03-03T09:10:22","modified_gmt":"2018-03-03T08:10:22","slug":"alojamiento","status":"publish","type":"page","link":"https:\/\/catedraeficiencia.umh.es\/ca\/actividades\/2018-2\/the-santander-chair-2018-international-workshop-of-efficiency-and-productivity\/alojamiento\/","title":{"rendered":"Allotjament"},"content":{"rendered":"<p>L&#8217;organitzaci\u00f3 del Congr\u00e9s recomana, per a la naturalesa de l&#8217;esdeveniment, com l&#8217;\u00fanic allotjament oficial l<a href=\"http:\/\/www.hotelspaportamaris.com\/\">&#8216;<strong>Hotel Spa Porta Maris<\/strong><\/a>.<\/p>\n<p>&nbsp;<\/p>\n<p><a href=\"https:\/\/catedraeficiencia.umh.es\/files\/2015\/01\/01-hotel-alicante-sercotel-spa-portamaris-fachada.jpg\"><img loading=\"lazy\" class=\"aligncenter\" src=\"https:\/\/catedraeficiencia.umh.es\/files\/2015\/01\/01-hotel-alicante-sercotel-spa-portamaris-fachada-300x225.jpg\" alt=\"01-hotel-alicante-sercotel-spa-portamaris-fachada\" width=\"300\" height=\"225\"><\/a><\/p>","protected":false},"excerpt":{"rendered":"<p>L&#8217;organitzaci\u00f3 del Congr\u00e9s recomana, per a la naturalesa de l&#8217;esdeveniment, com l&#8217;\u00fanic allotjament oficial l&#8216;Hotel Spa Porta Maris.<br \/>\n&nbsp;<\/p>\n","protected":false},"author":277,"featured_media":0,"parent":314,"menu_order":50,"comment_status":"closed","ping_status":"closed","template":"","meta":{"ngg_post_thumbnail":0,"_links_to":"","_links_to_target":""},"_links":{"self":[{"href":"https:\/\/catedraeficiencia.umh.es\/ca\/wp-json\/wp\/v2\/pages\/341"}],"collection":[{"href":"https:\/\/catedraeficiencia.umh.es\/ca\/wp-json\/wp\/v2\/pages"}],"about":[{"href":"https:\/\/catedraeficiencia.umh.es\/ca\/wp-json\/wp\/v2\/types\/page"}],"author":[{"embeddable":true,"href":"https:\/\/catedraeficiencia.umh.es\/ca\/wp-json\/wp\/v2\/users\/277"}],"replies":[{"embeddable":true,"href":"https:\/\/catedraeficiencia.umh.es\/ca\/wp-json\/wp\/v2\/comments?post=341"}],"version-history":[{"count":0,"href":"https:\/\/catedraeficiencia.umh.es\/ca\/wp-json\/wp\/v2\/pages\/341\/revisions"}],"up":[{"embeddable":true,"href":"https:\/\/catedraeficiencia.umh.es\/ca\/wp-json\/wp\/v2\/pages\/314"}],"wp:attachment":[{"href":"https:\/\/catedraeficiencia.umh.es\/ca\/wp-json\/wp\/v2\/media?parent=341"}],"curies":[{"name":"wp","href":"https:\/\/api.w.org\/{rel}","templated":true}]}}

<p>L&#8217;organització del Congrés recomana, per a la naturalesa de l&#8217;esdeveniment, com l&#8217;únic allotjament oficial l<a href="http://www.hotelspaportamaris.com/">&#8216;<strong>Hotel Spa Porta Maris</strong></a>.</p>
<p>&nbsp;</p>
<p><a href="https://catedraeficiencia.umh.es/files/2015/01/01-hotel-alicante-sercotel-spa-portamaris-fachada.jpg"><img loading="lazy" class="aligncenter" src="https://catedraeficiencia.umh.es/files/2015/01/01-hotel-alicante-sercotel-spa-portamaris-fachada-300x225.jpg" alt="01-hotel-alicante-sercotel-spa-portamaris-fachada" width="300" height="225"></a></p>

<p>L&#8217;organització del Congrés recomana, per a la naturalesa de l&#8217;esdeveniment, com l&#8217;únic allotjament oficial l&#8216;Hotel Spa Porta Maris.<br />
&nbsp;</p>
