{"id":317,"date":"2018-02-28T08:44:56","date_gmt":"2018-02-28T07:44:56","guid":{"rendered":"http:\/\/catedraeficiencia.umh.es\/?page_id=317"},"modified":"2018-03-03T09:20:51","modified_gmt":"2018-03-03T08:20:51","slug":"lugar-de-celebracion","status":"publish","type":"page","link":"https:\/\/catedraeficiencia.umh.es\/ca\/actividades\/2018-2\/the-santander-chair-2018-international-workshop-of-efficiency-and-productivity\/lugar-de-celebracion\/","title":{"rendered":"Lloc de celebraci\u00f3"},"content":{"rendered":"<p>\u201c<strong>The Second Santander Chair International Workshop of Efficiency and Productivity 2018<\/strong>\u201d es realitzar\u00e0 el <strong>4 i 5 de Juny de 2018<\/strong> en <strong><a href=\"http:\/\/www.hotelspaportamaris.com\/\">l\u2019Hotel Spa Portamaris<\/a><\/strong>.<\/p>\n<p>&nbsp;<\/p>\n<p style=\"padding-left: 90px\">&nbsp;<a href=\"https:\/\/catedraeficiencia.umh.es\/files\/2015\/01\/01-hotel-alicante-sercotel-spa-portamaris-fachada.jpg\"><img loading=\"lazy\" class=\"aligncenter\" src=\"https:\/\/catedraeficiencia.umh.es\/files\/2015\/01\/01-hotel-alicante-sercotel-spa-portamaris-fachada-300x225.jpg\" alt=\"01-hotel-alicante-sercotel-spa-portamaris-fachada\" width=\"300\" height=\"225\"><\/a>&nbsp; <a href=\"https:\/\/catedraeficiencia.umh.es\/files\/2015\/01\/14-hotel-alicante-sercotel-spa-portamaris-playa-postiguet-y-castillo.jpg\"><img loading=\"lazy\" class=\"aligncenter\" src=\"https:\/\/catedraeficiencia.umh.es\/files\/2015\/01\/14-hotel-alicante-sercotel-spa-portamaris-playa-postiguet-y-castillo-300x225.jpg\" alt=\"14-hotel-alicante-sercotel-spa-portamaris-playa-postiguet-y-castillo\" width=\"300\" height=\"225\"><\/a><a href=\"https:\/\/catedraeficiencia.umh.es\/files\/2015\/01\/SALA_123-125.jpg\"><img loading=\"lazy\" class=\"aligncenter\" src=\"https:\/\/catedraeficiencia.umh.es\/files\/2015\/01\/SALA_123-125-300x174.jpg\" alt=\"SALA_123-125\" width=\"300\" height=\"174\"><\/a><\/p>\n<p><big><strong>Mitjans de transport:<\/strong><\/big><\/p>\n<p>La ciutat d&#8217;Alacant est\u00e0 perfectament connectada amb Espanya i amb Europa siga el que siga el transport que es desitge utilizar:<\/p>\n<ul>\n<li><a href=\"http:\/\/www.renfe.es\/\" target=\"_blank\" rel=\"noopener\"><strong>RENFE<\/strong><\/a><\/li>\n<li><a href=\"http:\/\/www.estacionalicante.es\/\"><strong>ESTACI\u00d3 D&#8217;AUTOBUSOS D&#8217;ALACANT<\/strong><\/a><\/li>\n<li><a href=\"http:\/\/www.aena.es\/csee\/Satellite\/Aeropuerto-Alicante\/es\/Page\/1049437849204\/Presentacion.html\" target=\"_blank\" rel=\"noopener\"><strong>AEROPORT DE ALACANT-ELX<\/strong><\/a><\/li>\n<\/ul>\n<p><big><strong>Com arribar amb cotxe a la ciutat d&#8217;Alacant?<\/strong><\/big><\/p>\n<ul>\n<li>Alacant est\u00e0 connectada amb la resta del litoral mediterrani i Europa per l&#8217;autopista A-7 (itinerari europeu I-15).<\/li>\n<li>Autovia A-31 de la xarxa b\u00e0sica de l&#8217;Estat que comunica la prov\u00edncia d&#8217;Alacant amb el centre de la Pen\u00ednsula.<\/li>\n<\/ul>\n<p><big><strong>Servei de Taxis de la ciutat d&#8217;Alacant:<\/strong><\/big><\/p>\n<ul>\n<li>Euro Taxi Alicante:&nbsp;<a href=\"http:\/\/www.alicante-taxi.es\/\">http:\/\/www.alicante-taxi.es\/<\/a>.&nbsp;Tel\u00e8fon:&nbsp;<strong>966 29 11 00&nbsp;<\/strong>(disponible les 24 hores)<\/li>\n<\/ul>\n<p><\/p>","protected":false},"excerpt":{"rendered":"<p>\u201cThe Second Santander Chair International Workshop of Efficiency and Productivity 2018\u201d es realitzar\u00e0 el 4 i 5 de Juny de 2018 en l\u2019Hotel Spa Portamaris.<br \/>\n&nbsp;<br \/>\n&nbsp;&nbsp;<br \/>\nMitjans de transport:<br \/>\nLa ciutat d&#8217;Alacant est\u00e0 perfectament connectada amb Espanya i amb Europa siga el que siga el transport que es desitge utilizar:<\/p>\n<p>RENFE<br \/>\nESTACI\u00d3 D&#8217;AUTOBUSOS D&#8217;ALACANT<br \/>\nAEROPORT DE ALACANT-ELX<\/p>\n<p>Com arribar amb cotxe [&#8230;]<\/p>\n","protected":false},"author":277,"featured_media":0,"parent":314,"menu_order":20,"comment_status":"closed","ping_status":"closed","template":"","meta":{"ngg_post_thumbnail":0,"_links_to":"","_links_to_target":""},"_links":{"self":[{"href":"https:\/\/catedraeficiencia.umh.es\/ca\/wp-json\/wp\/v2\/pages\/317"}],"collection":[{"href":"https:\/\/catedraeficiencia.umh.es\/ca\/wp-json\/wp\/v2\/pages"}],"about":[{"href":"https:\/\/catedraeficiencia.umh.es\/ca\/wp-json\/wp\/v2\/types\/page"}],"author":[{"embeddable":true,"href":"https:\/\/catedraeficiencia.umh.es\/ca\/wp-json\/wp\/v2\/users\/277"}],"replies":[{"embeddable":true,"href":"https:\/\/catedraeficiencia.umh.es\/ca\/wp-json\/wp\/v2\/comments?post=317"}],"version-history":[{"count":0,"href":"https:\/\/catedraeficiencia.umh.es\/ca\/wp-json\/wp\/v2\/pages\/317\/revisions"}],"up":[{"embeddable":true,"href":"https:\/\/catedraeficiencia.umh.es\/ca\/wp-json\/wp\/v2\/pages\/314"}],"wp:attachment":[{"href":"https:\/\/catedraeficiencia.umh.es\/ca\/wp-json\/wp\/v2\/media?parent=317"}],"curies":[{"name":"wp","href":"https:\/\/api.w.org\/{rel}","templated":true}]}}

Lloc de celebració

<p>“<strong>The Second Santander Chair International Workshop of Efficiency and Productivity 2018</strong>” es realitzarà el <strong>4 i 5 de Juny de 2018</strong> en <strong><a href="http://www.hotelspaportamaris.com/">l’Hotel Spa Portamaris</a></strong>.</p>
<p>&nbsp;</p>
<p style="padding-left: 90px">&nbsp;<a href="https://catedraeficiencia.umh.es/files/2015/01/01-hotel-alicante-sercotel-spa-portamaris-fachada.jpg"><img loading="lazy" class="aligncenter" src="https://catedraeficiencia.umh.es/files/2015/01/01-hotel-alicante-sercotel-spa-portamaris-fachada-300x225.jpg" alt="01-hotel-alicante-sercotel-spa-portamaris-fachada" width="300" height="225"></a>&nbsp; <a href="https://catedraeficiencia.umh.es/files/2015/01/14-hotel-alicante-sercotel-spa-portamaris-playa-postiguet-y-castillo.jpg"><img loading="lazy" class="aligncenter" src="https://catedraeficiencia.umh.es/files/2015/01/14-hotel-alicante-sercotel-spa-portamaris-playa-postiguet-y-castillo-300x225.jpg" alt="14-hotel-alicante-sercotel-spa-portamaris-playa-postiguet-y-castillo" width="300" height="225"></a><a href="https://catedraeficiencia.umh.es/files/2015/01/SALA_123-125.jpg"><img loading="lazy" class="aligncenter" src="https://catedraeficiencia.umh.es/files/2015/01/SALA_123-125-300x174.jpg" alt="SALA_123-125" width="300" height="174"></a></p>
<p><big><strong>Mitjans de transport:</strong></big></p>
<p>La ciutat d&#8217;Alacant està perfectament connectada amb Espanya i amb Europa siga el que siga el transport que es desitge utilizar:</p>
<ul>
<li><a href="http://www.renfe.es/" target="_blank" rel="noopener"><strong>RENFE</strong></a></li>
<li><a href="http://www.estacionalicante.es/"><strong>ESTACIÓ D&#8217;AUTOBUSOS D&#8217;ALACANT</strong></a></li>
<li><a href="http://www.aena.es/csee/Satellite/Aeropuerto-Alicante/es/Page/1049437849204/Presentacion.html" target="_blank" rel="noopener"><strong>AEROPORT DE ALACANT-ELX</strong></a></li>
</ul>
<p><big><strong>Com arribar amb cotxe a la ciutat d&#8217;Alacant?</strong></big></p>
<ul>
<li>Alacant està connectada amb la resta del litoral mediterrani i Europa per l&#8217;autopista A-7 (itinerari europeu I-15).</li>
<li>Autovia A-31 de la xarxa bàsica de l&#8217;Estat que comunica la província d&#8217;Alacant amb el centre de la Península.</li>
</ul>
<p><big><strong>Servei de Taxis de la ciutat d&#8217;Alacant:</strong></big></p>
<ul>
<li>Euro Taxi Alicante:&nbsp;<a href="http://www.alicante-taxi.es/">http://www.alicante-taxi.es/</a>.&nbsp;Telèfon:&nbsp;<strong>966 29 11 00&nbsp;</strong>(disponible les 24 hores)</li>
</ul>
<p></p>

<p>“The Second Santander Chair International Workshop of Efficiency and Productivity 2018” es realitzarà el 4 i 5 de Juny de 2018 en l’Hotel Spa Portamaris.<br />
&nbsp;<br />
&nbsp;&nbsp;<br />
Mitjans de transport:<br />
La ciutat d&#8217;Alacant està perfectament connectada amb Espanya i amb Europa siga el que siga el transport que es desitge utilizar:</p>
<p>RENFE<br />
ESTACIÓ D&#8217;AUTOBUSOS D&#8217;ALACANT<br />
AEROPORT DE ALACANT-ELX</p>
<p>Com arribar amb cotxe [&#8230;]</p>
